0, -4*c - 4*p = -2*c - 22. Determine h(c).
0
Let c(n) be the first derivative of n**4/4 + 2*n - 11. Give c(0).
2
Suppose 7*u + 4*u = 66. Let i(k) = k**3 - 4*k**2 - 7*k - 6. Give i(u).
24
Let l be (-1)/(-2)*120/5. Let n(f) = 0 + 2*f - 8 + f**2 + l - 8. What is n(-4)?
4
Suppose -2*m + 7*m = -5. Let b = m + 3. Suppose 16 = -b*q + 4. Let u(o) = -o**2 - 5*o + 5. Calculate u(q).
-1
Let p be 4 - 28/16 - 2/8. Let x(r) = -r**3 + 2*r**2 - 4*r + 3. Calculate x(p).
-5
Let l(u) = u**2 + u + 3. Let v(x) = 2*x**2 - x + 3. Let b(p) = l(p) - v(p). Suppose -j - 4 = -3*j. Give b(j).
0
Let z(s) = s**2 - 3*s - 7. Let r = 7 - -8. Suppose t + 5*k = r, -2*t - 6*k + k + 20 = 0. What is z(t)?
3
Let l(j) = 2*j + 1. Let d be (1 - 2)*-7 - 0. Let a = d + -4. Suppose -4*c = -a*c + 3. Give l(c).
-5
Let c(s) = -5*s + 1. Let n(y) = -9*y + 1. Let m(v) = 5*c(v) - 3*n(v). Give m(-4).
-6
Let g be (-100)/(-15) + -6 + 5/(-3). Let v(x) = 6*x**3 + 2*x**2 + x. What is v(g)?
-5
Suppose 0 = i + 4*i - 10. Let d(x) be the first derivative of -x**2/2 - 6. Determine d(i).
-2
Let d(q) = -q**2 - 7*q + 8. Let t = 54 + -62. What is d(t)?
0
Let k(i) = -i - 5. Let a(y) = 1. Let d(c) = 5*a(c) - k(c). Calculate d(-7).
3
Let c = 6 - 1. Suppose 7*j - 2*j = -c. Let b(s) be the second derivative of -s**3 - s**2/2 + s. Give b(j).
5
Let i = -24 - -27. Let m(s) = -1. Let j(k) = k**2 - 2*k + 7. Let z(f) = j(f) + 6*m(f). What is z(i)?
4
Let t(u) = 2*u**2 + u + 1. Let m be t(-1). Let j be (1 - 1) + m + -2. Let a(l) = 0*l - 8 - l**3 + 3*l + 1 + j*l**3 - 4*l**2. What is a(-5)?
3
Let i(p) = -p**3 + 7*p**3 - 5*p**3 - 8 - p. Calculate i(0).
-8
Let j(i) be the second derivative of -1/20*i**5 + 0*i**4 - 1/6*i**3 - 1/2*i**2 + 0 + 2*i. Calculate j(-1).
1
Let c(r) = r**3 + 6*r**2 + 2*r + 1. Suppose 4*y = -3*o + 19, 0 = y + 3*o - 2 + 4. Suppose -2*l + l + j = y, 0 = 4*l - 5*j + 29. Determine c(l).
-11
Suppose -2*p + 7*p + 7 = -4*d, -5*d + 4 = 2*p. Let s(g) = 3*g**2 - g - 2. What is s(p)?
28
Let x(s) = -s**3 + 4*s**2 + 2*s + 3. Let o(k) = -6*k - 1. Let r be o(-1). What is x(r)?
-12
Let s(n) = -n**3 - 3*n**2 + 4*n + 4. Let b = -27 + 23. Calculate s(b).
4
Suppose 4 = -5*x + 9*x. Let v(n) = 2*n. Calculate v(x).
2
Suppose 5*j + g - 33 = 0, -6*j = -j + 3*g - 39. Suppose 3*m - 4*m + j = 0. Let i(k) = k**2 - 6*k - 7. Determine i(m).
-7
Suppose l - 2 = 2*l. Let p be 1/l*5*2. Let c(g) be the first derivative of g**2/2 - g - 1. Calculate c(p).
-6
Let i(a) be the first derivative of -5*a**4 + a**2/2 + 7. Calculate i(-1).
19
Let s(u) = -u**3 + 4*u**2 - 3*u - 1. Suppose -5*r + 15 = -0. Calculate s(r).
-1
Let m = -8 - -4. Let z(b) = 1. Let u(a) = -6 + 4*a**2 - 5*a**2 - 3*a - 1. Let d(n) = -u(n) - 2*z(n). Calculate d(m).
9
Let j(h) = 4*h**3 - 19*h**2 - 13*h - 15. Let w(g) = g**3 - 6*g**2 - 4*g - 5. Let y be (16/(-12))/((-2)/(-3)). Let r(c) = y*j(c) + 7*w(c). Give r(-4).
3
Let k(l) = l**3 - 3*l**2 + l. Suppose 3*v + z - 7 = 2, -z = 0. Suppose 17 = g - v*o, -4*g - o - o = 2. Give k(g).
-2
Let l(d) = d**2 - 6*d + 4. Let s(b) = b**3 - 10*b**2 + 9*b + 5. Let h be s(9). Suppose -o - h = 5. Let f be o/(-4)*2 - -1. What is l(f)?
4
Let n = -1 - -2. Let i(c) = 5*c - 1. Let v be i(n). Let l(a) = -v + 3*a**2 - 3*a + 0*a + a**3 + 0*a. Determine l(-3).
5
Let n(z) = -2*z**2 + 6*z - 6. Suppose 7*h - 36 = 3*h + 4*v, 4*h - 6 = -2*v. Give n(h).
-14
Suppose -6 = -0*s - 3*s. Let o(b) = -2*b**2 + 12*b**2 + 1 - s - 9*b**2 - 5*b. What is o(5)?
-1
Suppose 3*z + 9 = 0, -4*a - 15 = -2*a + 5*z. Let m(s) = -12*s - 3 - 1 + 11*s. What is m(a)?
-4
Let u(m) = m - m**3 - 7 + 0*m**3 + 1. Suppose -5*b + 24 - 4 = -5*g, -11 = -5*b - 4*g. Suppose 2*p = 5*p - 5*n - 10, 6 = -p - b*n. Calculate u(p).
-6
Let c(j) = -3*j - 6. Let s(p) = p**3 + 8*p**2 - 6. Let o be s(-8). Calculate c(o).
12
Let k = 1 - 1. Let s(n) = 2*n**3 - 3*n**2 + n - 8. Let x(w) = -w**3 + 2*w**2 - w + 7. Let g(q) = 2*s(q) + 3*x(q). Calculate g(k).
5
Suppose 28 = 3*q + q. Let p = q + -10. Let l(o) be the first derivative of o**4/4 + 4*o**3/3 - 3*o + 1. Give l(p).
6
Suppose 3*w - 4*u + 4 = 0, 5*w = 3*u + u + 4. Suppose j - w = -1. Let c(n) = 8*n - n**2 + 4 - 1 - 6*n + 1. Determine c(j).
1
Let s(q) = -7*q + 3. Let c(o) = 10*o + 0 - 1 - 3. Let j(z) = -5*c(z) - 7*s(z). What is j(-1)?
0
Let n(a) be the second derivative of 1/6*a**3 + 0 - 1/2*a**2 - 2*a. What is n(-5)?
-6
Let b(p) = 0*p - p + 1 + 0*p. Let u(t) = -2*t + 1. Let y(i) = -7*b(i) + 4*u(i). Let m be (-3)/(3 - 2 - 0). What is y(m)?
0
Let j(z) = -z - 2. Let x be 6/(-8)*(0 + -16). Suppose -2*t + x = -0*t. Suppose -t*v - 20 = -2*v. Determine j(v).
3
Let j(u) = -u + 4*u + 5 - 2*u. Let h(f) = -2 - 3 - 2*f - f**2 + 2 + 0*f**2. Let m be h(-2). Calculate j(m).
2
Let q(v) = v**3 + 5*v**2 + 3*v - 1. Suppose -5*t = -0*t - 4*k + 32, 2*t = -4*k + 4. Give q(t).
3
Let q = 2 + -6. Let h(p) = -17*p. Let a(o) = -1 + 8*o + 5 - 4. Let x(j) = q*h(j) - 9*a(j). Calculate x(1).
-4
Let n(b) = -4*b**3 - b**2 + 2*b + 5. Let r(m) = -m**3 - m**2 + m. Let j be (4/6)/((-2)/6). Let f be j + 0 - -7*1. Let a(i) = f*r(i) - n(i). Calculate a(-5).
5
Let k(o) = o**2 - 4*o - 4. Let j(f) = -f**2 - f - 1. Let p(g) = -2*j(g) - k(g). Suppose -w - 3 = 1. What is p(w)?
-2
Suppose 2*o - 6*o + 2 = -5*h, 10 = -5*o. Let f(z) = z**2 + z. What is f(h)?
2
Let j = 45 - 80. Let g be j/11 - 4/(-22). Let o(r) = -r**3 - 3*r**2 + r - 2. Calculate o(g).
-5
Let v(l) = -2*l**3 + 656*l**2 - 656*l**2 + 2 + 3*l. Calculate v(-2).
12
Suppose -9*b = -10*b - 2. Let c(p) = p + 4. Calculate c(b).
2
Suppose u = 5*q - 8, 4*q + 2 = -u - u. Let o(f) be the second derivative of 4*f + 1/2*f**3 + 2*f**2 + 0. Determine o(u).
-5
Let k(r) = r**2 + 2. Let o(x) = 4*x**2 + x + 6. Let w = 5 + -3. Let p(i) = w*o(i) - 7*k(i). Give p(-3).
1
Let d(o) = -15*o + 81*o - 3*o. Let k(b) = -9*b. Let a(l) = 4*d(l) + 27*k(l). Calculate a(-1).
-9
Let f = 8 - 3. Suppose 0*s + 4*s - 44 = -4*i, f*i - 51 = -3*s. Let x = 13 - i. Let d(t) = t**2 - 4*t - 5. Give d(x).
-5
Let j(n) = -424*n + 209*n - 3*n**2 + 211*n + n**3 + 1. Give j(4).
1
Let q(v) = 2*v - 5. Let w be q(4). Let d(y) = -y**3 + 4*y**2 - y + 1. Let c be d(w). Let a(l) = -l**3 + 7*l**2 + 4. What is a(c)?
4
Let h(m) be the third derivative of -m**5/60 + m**4/24 - m**3/2 + 2*m**2. What is h(-3)?
-15
Let t(a) = -14*a + 3. Let s be 2 - (-2 + -3 + 3). Let j(d) = 7*d - 1. Let h(c) = s*t(c) + 9*j(c). Calculate h(-2).
-11
Let b be (-4)/(0 - 10/15). Let t(j) = j**2 - 7*j - 1. Determine t(b).
-7
Let h(x) = x**3 - x**2 - 3*x + 1. Let d = 2 + 1. Let l(c) = -c**3 + 2*c - 1. Let n(a) = d*l(a) + 4*h(a). Determine n(5).
-4
Let j(h) = -3 + 1 + 2*h - 2 - 3*h**2 + 3. Suppose 6*p + 2*x = p + 13, 5*x - 21 = -p. Give j(p).
-2
Let i = -4 - -9. Let o(l) = -2*l + l - 2*l + 0*l + 6. Give o(i).
-9
Let f(h) be the first derivative of -h**3/3 + h**2 - 3*h - 3. What is f(2)?
-3
Let o(f) = f**2 - 4*f - 7. Suppose 5*q - 12 - 13 = 0. Let g be o(q). Let v(p) = 1 + 8 - 3 - p - 7. Calculate v(g).
1
Let a(z) = 0*z - 2*z - 30 + 36. Give a(-6).
18
Let c(j) be the third derivative of -j**6/120 + j**5/30 + j**4/8 - 2*j**3/3 - 11*j**2. Let u(h) = -1 + 2*h - h - 2*h. Let f be u(-4). What is c(f)?
-4
Let l(s) = -8*s - 8. Let d(a) = a + 1. Let g(t) = -5*d(t) - l(t). Calculate g(-2).
-3
Suppose 3*t - 31 = -5*j, j + 2*t - 1 = 1. Let f(l) = -l + 5. Calculate f(j).
-3
Let j(u) = u - 4. Let y(g) = -g**2 + 6*g - 1. Let z = 12 - 6. Let n be y(z). Let w be -2*1/n + 1. Calculate j(w).
-1
Let o(b) = b**2 + b - 10. Let z be o(3). Let s(l) = -l**2 + 3*l - 1. What is s(z)?
1
Let b(j) = 37 + 35 - 6*j - 75. Determine b(-2).
9
Let c(d) = -3*d + 1. Let n(w) = 6*w - 2. Let u(m) = 11*c(m) + 6*n(m). Determine u(-2).
-7
Let a(c) = -c**2 - 2*c. Suppose -2*n + 4 = -0. Suppose 5*r = z + 7, -z + 3 - 7 = -n*r. Determine a(z).
0
Let c(j) be the first derivative of j**3/3 - j**2/2 - 5*j + 6. Calculate c(-4).
15
Let b be 1/(0 - 1/(-2)). Let s(u) = 3*u - 1. Calculate s(b).
5
Let p(b) = 2*b - 8. Let l(g) = -3*g + 8. Let d(q) = -3*l(q) - 4*p(q). What is d(-6)?
2
Let w(q) be the first derivative of q**3/3 - q**2/2 - 26*q + 7. Calculate w(0).
-26
Let a(l) = -l**3 + 12*l**2 + 3*l - 10. Let m(n) = n**2 - n - 3. Let y(w) = w + 1. Let u(v) = -m(v) - 2*y(v). Let i(f) = -a(f) - 6*u(f). What is i(5)?
-6
Let i(n) be the third derivative of -n**6/180 - n**5/60 - n**4/24 - n**3/6 +